{"id":499,"date":"2026-05-03T16:45:27","date_gmt":"2026-05-03T14:45:27","guid":{"rendered":"https:\/\/bikepohodicka.sk\/?page_id=499"},"modified":"2026-05-06T23:14:44","modified_gmt":"2026-05-06T21:14:44","slug":"2026-jarfarma-na-hodosi","status":"publish","type":"page","link":"https:\/\/bikepohodicka.sk\/?page_id=499","title":{"rendered":"2026 jar &#8211; Farma na Hodo\u0161i"},"content":{"rendered":"\n<p>T\u00e1to akcia sa niesla od za\u010diatku v utajenom re\u017eime. Bol zn\u00e1my term\u00edn od 30.4.- 3.5.2026, ale z nezn\u00e1mych d\u00f4vodov dlho nebolo zn\u00e1me miesto stretnutia. Bikepohodi\u010dky sa nakoniec z\u00fa\u010dastnili v\u0161etci aj  ke\u010f s nejak\u00fdmi obmedzeniami.  <\/p>\n\n\n\n<p><\/p>\n\n\n\n<figure class=\"wp-block-image size-full\"><img loading=\"lazy\" decoding=\"async\" width=\"576\" height=\"768\" src=\"https:\/\/bikepohodicka.sk\/wp-content\/uploads\/2026\/05\/2026jar_001.jpg\" alt=\"\" class=\"wp-image-531\" srcset=\"https:\/\/bikepohodicka.sk\/wp-content\/uploads\/2026\/05\/2026jar_001.jpg 576w, https:\/\/bikepohodicka.sk\/wp-content\/uploads\/2026\/05\/2026jar_001-225x300.jpg 225w\" sizes=\"auto, (max-width: 576px) 100vw, 576px\" \/><\/figure>\n\n\n\n<figure class=\"wp-block-image size-full\"><img loading=\"lazy\" decoding=\"async\" width=\"576\" height=\"768\" src=\"https:\/\/bikepohodicka.sk\/wp-content\/uploads\/2026\/05\/2026jar_002.jpg\" alt=\"\" class=\"wp-image-533\" srcset=\"https:\/\/bikepohodicka.sk\/wp-content\/uploads\/2026\/05\/2026jar_002.jpg 576w, https:\/\/bikepohodicka.sk\/wp-content\/uploads\/2026\/05\/2026jar_002-225x300.jpg 225w\" sizes=\"auto, (max-width: 576px) 100vw, 576px\" \/><\/figure>\n\n\n\n<h2 class=\"wp-block-heading\">1.de\u0148<\/h2>\n\n\n\n<p>Pri\u0161li JanoV, Libor, Pi\u0161ta, Marek a Vlado. Jano priniesol aj \u010diapky, ktor\u00e9 sa nep\u00e1\u010dili Pi\u0161tovi (preto\u017ee ako d\u00e1tum vzniku uzn\u00e1va a\u017e datum ke\u010f sa za\u010dal z\u00fa\u010dast\u0148ova\u0165 on \ud83d\ude00 )<\/p>\n\n\n\n<figure class=\"wp-block-image size-large\"><img loading=\"lazy\" decoding=\"async\" width=\"768\" height=\"1024\" src=\"https:\/\/bikepohodicka.sk\/wp-content\/uploads\/2026\/05\/2026jar_002_1-768x1024.jpg\" alt=\"\" class=\"wp-image-540\" srcset=\"https:\/\/bikepohodicka.sk\/wp-content\/uploads\/2026\/05\/2026jar_002_1-768x1024.jpg 768w, https:\/\/bikepohodicka.sk\/wp-content\/uploads\/2026\/05\/2026jar_002_1-225x300.jpg 225w, https:\/\/bikepohodicka.sk\/wp-content\/uploads\/2026\/05\/2026jar_002_1-1152x1536.jpg 1152w, https:\/\/bikepohodicka.sk\/wp-content\/uploads\/2026\/05\/2026jar_002_1.jpg 1200w\" sizes=\"auto, (max-width: 767px) 89vw, (max-width: 1000px) 54vw, (max-width: 1071px) 543px, 580px\" \/><\/figure>\n\n\n\n<figure class=\"wp-block-image size-large\"><img loading=\"lazy\" decoding=\"async\" width=\"1024\" height=\"768\" src=\"https:\/\/bikepohodicka.sk\/wp-content\/uploads\/2026\/05\/2026jar_003-1024x768.jpg\" alt=\"\" class=\"wp-image-536\" srcset=\"https:\/\/bikepohodicka.sk\/wp-content\/uploads\/2026\/05\/2026jar_003-1024x768.jpg 1024w, https:\/\/bikepohodicka.sk\/wp-content\/uploads\/2026\/05\/2026jar_003-300x225.jpg 300w, https:\/\/bikepohodicka.sk\/wp-content\/uploads\/2026\/05\/2026jar_003-768x576.jpg 768w, https:\/\/bikepohodicka.sk\/wp-content\/uploads\/2026\/05\/2026jar_003-1536x1152.jpg 1536w, https:\/\/bikepohodicka.sk\/wp-content\/uploads\/2026\/05\/2026jar_003.jpg 1800w\" sizes=\"auto, (max-width: 767px) 89vw, (max-width: 1000px) 54vw, (max-width: 1071px) 543px, 580px\" \/><\/figure>\n\n\n\n<p> JanoV sa rozhodol, prv\u00fdkrat pou\u017ei\u0165 elektrobike, ale nakoniec sa mu to stalo osudn\u00fdm&#8220;<\/p>\n\n\n\n<figure class=\"wp-block-image size-large\"><img loading=\"lazy\" decoding=\"async\" width=\"768\" height=\"1024\" src=\"https:\/\/bikepohodicka.sk\/wp-content\/uploads\/2026\/05\/2026jar_004-768x1024.jpg\" alt=\"\" class=\"wp-image-537\" srcset=\"https:\/\/bikepohodicka.sk\/wp-content\/uploads\/2026\/05\/2026jar_004-768x1024.jpg 768w, https:\/\/bikepohodicka.sk\/wp-content\/uploads\/2026\/05\/2026jar_004-225x300.jpg 225w, https:\/\/bikepohodicka.sk\/wp-content\/uploads\/2026\/05\/2026jar_004-1152x1536.jpg 1152w, https:\/\/bikepohodicka.sk\/wp-content\/uploads\/2026\/05\/2026jar_004.jpg 1350w\" sizes=\"auto, (max-width: 767px) 89vw, (max-width: 1000px) 54vw, (max-width: 1071px) 543px, 580px\" \/><\/figure>\n\n\n\n<p>Trasa bola:<\/p>\n\n\n\n<p>Cestou m\u00ed\u0148ali tak\u00fdto pam\u00e4tn\u00edk:<\/p>\n\n\n\n<figure class=\"wp-block-image size-large\"><img loading=\"lazy\" decoding=\"async\" width=\"768\" height=\"1024\" src=\"https:\/\/bikepohodicka.sk\/wp-content\/uploads\/2026\/05\/2026jar_005-768x1024.jpg\" alt=\"\" class=\"wp-image-538\" srcset=\"https:\/\/bikepohodicka.sk\/wp-content\/uploads\/2026\/05\/2026jar_005-768x1024.jpg 768w, https:\/\/bikepohodicka.sk\/wp-content\/uploads\/2026\/05\/2026jar_005-225x300.jpg 225w, https:\/\/bikepohodicka.sk\/wp-content\/uploads\/2026\/05\/2026jar_005-1152x1536.jpg 1152w, https:\/\/bikepohodicka.sk\/wp-content\/uploads\/2026\/05\/2026jar_005.jpg 1350w\" sizes=\"auto, (max-width: 767px) 89vw, (max-width: 1000px) 54vw, (max-width: 1071px) 543px, 580px\" \/><\/figure>\n\n\n\n<h2 class=\"wp-block-heading\">2.de\u0148<\/h2>\n\n\n\n<p>Dorazili JanoL, ktor\u00fd priniesol JanoV svoj star\u00fd (nature) bike. Nesk\u00f4r vznikli pochybnosti o tom \u010di to bol alebo nebol dar&#8230; Potom pri\u0161iel Dodo a nakoniec pri\u0161iel Pe\u0165o, ktor\u00fd doslova priniesol aj Dana. \ud83d\ude42 &#8230;<\/p>\n\n\n\n<p>Trasa pre skupinu B bola (skupina A odbo\u010dila e\u0161te na dva hrady, ktor\u00e9 boli cestou &#8230; B po\u010dkalo v kr\u010dm\u00e1ch \ud83d\ude42 )<\/p>\n\n\n\n<iframe loading=\"lazy\" style=\"border:none\" src=\"https:\/\/mapy.com\/s\/nanapasuto\" width=\"700\" height=\"466\" frameborder=\"0\"><\/iframe>\n\n\n\n<h2 class=\"wp-block-heading\">3.de\u0148<\/h2>\n\n\n\n<p>Odi\u0161iel Dodo. I\u0161iel povzbudzova\u0165 dc\u00e9ru do Pie\u0161tan na fin\u00e1lov\u00fd z\u00e1pas. Ve\u010der odi\u0161iel aj JanoV, preto\u017ee mal slu\u017ebu.<\/p>\n\n\n\n<p>Trasa bola:<\/p>\n\n\n\n<p>4. de\u0148<\/p>\n\n\n\n<p>Upratanie chaty<\/p>\n","protected":false},"excerpt":{"rendered":"<p>T\u00e1to akcia sa niesla od za\u010diatku v utajenom re\u017eime. Bol zn\u00e1my term\u00edn od 30.4.- 3.5.2026, ale z nezn\u00e1mych d\u00f4vodov dlho nebolo zn\u00e1me miesto stretnutia. Bikepohodi\u010dky sa nakoniec z\u00fa\u010dastnili v\u0161etci aj ke\u010f s nejak\u00fdmi obmedzeniami. 1.de\u0148 Pri\u0161li JanoV, Libor, Pi\u0161ta, Marek a Vlado. Jano priniesol aj \u010diapky, ktor\u00e9 sa nep\u00e1\u010dili Pi\u0161tovi (preto\u017ee ako d\u00e1tum vzniku uzn\u00e1va &hellip; <\/p>\n<p class=\"link-more\"><a href=\"https:\/\/bikepohodicka.sk\/?page_id=499\" class=\"more-link\">Pokra\u010dova\u0165 v \u010d\u00edtan\u00ed<span class=\"screen-reader-text\"> &#8222;2026 jar &#8211; Farma na Hodo\u0161i&#8220;<\/span><\/a><\/p>\n","protected":false},"author":1,"featured_media":0,"parent":80,"menu_order":0,"comment_status":"closed","ping_status":"closed","template":"","meta":{"footnotes":""},"class_list":["post-499","page","type-page","status-publish","hentry"],"_links":{"self":[{"href":"https:\/\/bikepohodicka.sk\/index.php?rest_route=\/wp\/v2\/pages\/499","targetHints":{"allow":["GET"]}}],"collection":[{"href":"https:\/\/bikepohodicka.sk\/index.php?rest_route=\/wp\/v2\/pages"}],"about":[{"href":"https:\/\/bikepohodicka.sk\/index.php?rest_route=\/wp\/v2\/types\/page"}],"author":[{"embeddable":true,"href":"https:\/\/bikepohodicka.sk\/index.php?rest_route=\/wp\/v2\/users\/1"}],"replies":[{"embeddable":true,"href":"https:\/\/bikepohodicka.sk\/index.php?rest_route=%2Fwp%2Fv2%2Fcomments&post=499"}],"version-history":[{"count":6,"href":"https:\/\/bikepohodicka.sk\/index.php?rest_route=\/wp\/v2\/pages\/499\/revisions"}],"predecessor-version":[{"id":541,"href":"https:\/\/bikepohodicka.sk\/index.php?rest_route=\/wp\/v2\/pages\/499\/revisions\/541"}],"up":[{"embeddable":true,"href":"https:\/\/bikepohodicka.sk\/index.php?rest_route=\/wp\/v2\/pages\/80"}],"wp:attachment":[{"href":"https:\/\/bikepohodicka.sk\/index.php?rest_route=%2Fwp%2Fv2%2Fmedia&parent=499"}],"curies":[{"name":"wp","href":"https:\/\/api.w.org\/{rel}","templated":true}]}}

2026 jar &#8211; Farma na Hodoši

<p>Táto akcia sa niesla od začiatku v utajenom režime. Bol známy termín od 30.4.- 3.5.2026, ale z neznámych dôvodov dlho nebolo známe miesto stretnutia. Bikepohodičky sa nakoniec zúčastnili všetci aj  keď s nejakými obmedzeniami.  </p>



<p></p>



<figure class="wp-block-image size-full"><img loading="lazy" decoding="async" width="576" height="768" src="https://bikepohodicka.sk/wp-content/uploads/2026/05/2026jar_001.jpg" alt="" class="wp-image-531" srcset="https://bikepohodicka.sk/wp-content/uploads/2026/05/2026jar_001.jpg 576w, https://bikepohodicka.sk/wp-content/uploads/2026/05/2026jar_001-225x300.jpg 225w" sizes="auto, (max-width: 576px) 100vw, 576px" /></figure>



<figure class="wp-block-image size-full"><img loading="lazy" decoding="async" width="576" height="768" src="https://bikepohodicka.sk/wp-content/uploads/2026/05/2026jar_002.jpg" alt="" class="wp-image-533" srcset="https://bikepohodicka.sk/wp-content/uploads/2026/05/2026jar_002.jpg 576w, https://bikepohodicka.sk/wp-content/uploads/2026/05/2026jar_002-225x300.jpg 225w" sizes="auto, (max-width: 576px) 100vw, 576px" /></figure>



<h2 class="wp-block-heading">1.deň</h2>



<p>Prišli JanoV, Libor, Pišta, Marek a Vlado. Jano priniesol aj čiapky, ktoré sa nepáčili Pištovi (pretože ako dátum vzniku uznáva až datum keď sa začal zúčastňovať on 😀 )</p>



<figure class="wp-block-image size-large"><img loading="lazy" decoding="async" width="768" height="1024" src="https://bikepohodicka.sk/wp-content/uploads/2026/05/2026jar_002_1-768x1024.jpg" alt="" class="wp-image-540" srcset="https://bikepohodicka.sk/wp-content/uploads/2026/05/2026jar_002_1-768x1024.jpg 768w, https://bikepohodicka.sk/wp-content/uploads/2026/05/2026jar_002_1-225x300.jpg 225w, https://bikepohodicka.sk/wp-content/uploads/2026/05/2026jar_002_1-1152x1536.jpg 1152w, https://bikepohodicka.sk/wp-content/uploads/2026/05/2026jar_002_1.jpg 1200w" sizes="auto, (max-width: 767px) 89vw, (max-width: 1000px) 54vw, (max-width: 1071px) 543px, 580px" /></figure>



<figure class="wp-block-image size-large"><img loading="lazy" decoding="async" width="1024" height="768" src="https://bikepohodicka.sk/wp-content/uploads/2026/05/2026jar_003-1024x768.jpg" alt="" class="wp-image-536" srcset="https://bikepohodicka.sk/wp-content/uploads/2026/05/2026jar_003-1024x768.jpg 1024w, https://bikepohodicka.sk/wp-content/uploads/2026/05/2026jar_003-300x225.jpg 300w, https://bikepohodicka.sk/wp-content/uploads/2026/05/2026jar_003-768x576.jpg 768w, https://bikepohodicka.sk/wp-content/uploads/2026/05/2026jar_003-1536x1152.jpg 1536w, https://bikepohodicka.sk/wp-content/uploads/2026/05/2026jar_003.jpg 1800w" sizes="auto, (max-width: 767px) 89vw, (max-width: 1000px) 54vw, (max-width: 1071px) 543px, 580px" /></figure>



<p> JanoV sa rozhodol, prvýkrat použiť elektrobike, ale nakoniec sa mu to stalo osudným&#8220;</p>



<figure class="wp-block-image size-large"><img loading="lazy" decoding="async" width="768" height="1024" src="https://bikepohodicka.sk/wp-content/uploads/2026/05/2026jar_004-768x1024.jpg" alt="" class="wp-image-537" srcset="https://bikepohodicka.sk/wp-content/uploads/2026/05/2026jar_004-768x1024.jpg 768w, https://bikepohodicka.sk/wp-content/uploads/2026/05/2026jar_004-225x300.jpg 225w, https://bikepohodicka.sk/wp-content/uploads/2026/05/2026jar_004-1152x1536.jpg 1152w, https://bikepohodicka.sk/wp-content/uploads/2026/05/2026jar_004.jpg 1350w" sizes="auto, (max-width: 767px) 89vw, (max-width: 1000px) 54vw, (max-width: 1071px) 543px, 580px" /></figure>



<p>Trasa bola:</p>



<p>Cestou míňali takýto pamätník:</p>



<figure class="wp-block-image size-large"><img loading="lazy" decoding="async" width="768" height="1024" src="https://bikepohodicka.sk/wp-content/uploads/2026/05/2026jar_005-768x1024.jpg" alt="" class="wp-image-538" srcset="https://bikepohodicka.sk/wp-content/uploads/2026/05/2026jar_005-768x1024.jpg 768w, https://bikepohodicka.sk/wp-content/uploads/2026/05/2026jar_005-225x300.jpg 225w, https://bikepohodicka.sk/wp-content/uploads/2026/05/2026jar_005-1152x1536.jpg 1152w, https://bikepohodicka.sk/wp-content/uploads/2026/05/2026jar_005.jpg 1350w" sizes="auto, (max-width: 767px) 89vw, (max-width: 1000px) 54vw, (max-width: 1071px) 543px, 580px" /></figure>



<h2 class="wp-block-heading">2.deň</h2>



<p>Dorazili JanoL, ktorý priniesol JanoV svoj starý (nature) bike. Neskôr vznikli pochybnosti o tom či to bol alebo nebol dar&#8230; Potom prišiel Dodo a nakoniec prišiel Peťo, ktorý doslova priniesol aj Dana. 🙂 &#8230;</p>



<p>Trasa pre skupinu B bola (skupina A odbočila ešte na dva hrady, ktoré boli cestou &#8230; B počkalo v krčmách 🙂 )</p>



<iframe loading="lazy" style="border:none" src="https://mapy.com/s/nanapasuto" width="700" height="466" frameborder="0"></iframe>



<h2 class="wp-block-heading">3.deň</h2>



<p>Odišiel Dodo. Išiel povzbudzovať dcéru do Pieštan na finálový zápas. Večer odišiel aj JanoV, pretože mal službu.</p>



<p>Trasa bola:</p>



<p>4. deň</p>



<p>Upratanie chaty</p>

<p>Táto akcia sa niesla od začiatku v utajenom režime. Bol známy termín od 30.4.- 3.5.2026, ale z neznámych dôvodov dlho nebolo známe miesto stretnutia. Bikepohodičky sa nakoniec zúčastnili všetci aj keď s nejakými obmedzeniami. 1.deň Prišli JanoV, Libor, Pišta, Marek a Vlado. Jano priniesol aj čiapky, ktoré sa nepáčili Pištovi (pretože ako dátum vzniku uznáva &hellip; </p>
<p class="link-more"><a href="https://bikepohodicka.sk/?page_id=499" class="more-link">Pokračovať v čítaní<span class="screen-reader-text"> &#8222;2026 jar &#8211; Farma na Hodoši&#8220;</span></a></p>
